en 10793 is divided by 1794?
29
What is the remainder when 76744 is divided by 6395?
4
Calculate the remainder when 41631 is divided by 43.
7
Calculate the remainder when 35353 is divided by 1432.
985
What is the remainder when 1112862 is divided by 521?
6
What is the remainder when 93919 is divided by 3?
1
Calculate the remainder when 3679321 is divided by 25.
21
What is the remainder when 107954 is divided by 35957?
83
Calculate the remainder when 90696 is divided by 50.
46
What is the remainder when 27592 is divided by 193?
186
What is the remainder when 207446 is divided by 1027?
1019
What is the remainder when 1050 is divided by 940?
110
What is the remainder when 47531 is divided by 592?
171
What is the remainder when 2809058 is divided by 10?
8
What is the remainder when 13232 is divided by 507?
50
What is the remainder when 4191 is divided by 1088?
927
Calculate the remainder when 1083 is divided by 28.
19
Calculate the remainder when 2463 is divided by 69.
48
What is the remainder when 4371 is divided by 218?
11
What is the remainder when 61172 is divided by 61027?
145
Calculate the remainder when 4608 is divided by 127.
36
What is the remainder when 3866 is divided by 97?
83
What is the remainder when 1129 is divided by 23?
2
Calculate the remainder when 1541341 is divided by 770664.
13
What is the remainder when 56026 is divided by 85?
11
Calculate the remainder when 135800 is divided by 526.
92
What is the remainder when 911 is divided by 92?
83
What is the remainder when 26973 is divided by 38?
31
What is the remainder when 67333 is divided by 1819?
30
Calculate the remainder when 794517 is divided by 20.
17
What is the remainder when 9340 is divided by 1491?
394
Calculate the remainder when 4869 is divided by 162.
9
Calculate the remainder when 721049 is divided by 114.
113
Calculate the remainder when 1962 is divided by 954.
54
What is the remainder when 23971 is divided by 149?
131
What is the remainder when 307089 is divided by 740?
729
What is the remainder when 618 is divided by 5?
3
What is the remainder when 1182 is divided by 46?
32
What is the remainder when 1827 is divided by 905?
17
Calculate the remainder when 241348 is divided by 316.
240
Calculate the remainder when 341359 is divided by 37.
34
Calculate the remainder when 759117 is divided by 759107.
10
What is the remainder when 210913 is divided by 3?
1
Calculate the remainder when 8639 is divided by 72.
71
Calculate the remainder when 4022 is divided by 176.
150
Calculate the remainder when 188924 is divided by 164.
160
What is the remainder when 2732 is divided by 13?
2
What is the remainder when 4140 is divided by 218?
216
What is the remainder when 90219 is divided by 206?
197
What is the remainder when 74689 is divided by 1616?
353
Calculate the remainder when 26591 is divided by 23.
3
What is the remainder when 5888 is divided by 21?
8
What is the remainder when 4399 is divided by 3?
1
What is the remainder when 1360 is divided by 678?
4
What is the remainder when 75140 is divided by 207?
206
Calculate the remainder when 21314 is divided by 147.
146
What is the remainder when 11060 is divided by 64?
52
What is the remainder when 66918 is divided by 93?
51
Calculate the remainder when 218431 is divided by 72806.
13
Calculate the remainder when 46959 is divided by 326.
15
What is the remainder when 5539 is divided by 711?
562
Calculate the remainder when 24450 is divided by 423.
339
Calculate the remainder when 897454 is divided by 2319.
1
What is the remainder when 4968 is divided by 1172?
280
Calculate the remainder when 1524 is divided by 965.
559
What is the remainder when 10819 is divided by 417?
394
What is the remainder when 9846 is divided by 393?
21
Calculate the remainder when 17263 is divided by 567.
253
What is the remainder when 19726 is divided by 9861?
4
Calculate the remainder when 72298 is divided by 247.
174
What is the remainder when 47237 is divided by 2361?
17
Calculate the remainder when 157441 is divided by 52463.
52
What is the remainder when 81076 is divided by 41?
19
What is the remainder when 1397 is divided by 682?
33
What is the remainder when 291887 is divided by 28?
15
Calculate the remainder when 1951 is divided by 580.
211
Calculate the remainder when 42339 is divided by 1245.
9
What is the remainder when 219171 is divided by 78?
69
What is the remainder when 81696 is divided by 918?
912
Calculate the remainder when 86719 is divided by 131.
128
Calculate the remainder when 218392 is divided by 20.
12
What is the remainder when 3639 is divided by 30?
9
Calculate the remainder when 2353816 is divided by 85.
81
What is the remainder when 9224 is divided by 1023?
17
Calculate the remainder when 537440 is divided by 179146.
2
Calculate the remainder when 8315 is divided by 105.
20
Calculate the remainder when 11114 is divided by 360.
314
Calculate the remainder when 246999 is divided by 500.
499
What is the remainder when 41917 is divided by 223?
216
What is the remainder when 7023 is divided by 351?
3
Calculate the remainder when 1991978 is divided by 57.
56
What is the remainder when 17659 is divided by 5861?
76
Calculate the remainder when 6563 is divided by 470.
453
Calculate the remainder when 16178 is divided by 516.
182
Calculate the remainder when 1180 is divided by 242.
212
What is the remainder when 304032 is divided by 68?
4
Calculate the remainder when 716 is divided by 33.
23
What is the remainder when 196 is divided by 96?
4
What is the remainder when 4253 is divided by 21?
11
Calculate the remainder when 28058 is divided by 9352.
2
Calculate the remainder when 133701 is divided by 715.
711
Calculate the remainder when 501107 is divided by 17.
15
What is the remainder when 122205 is divided by 67?
64
Calculate the remainder when 43213 is divided by 25.
13
What is the remainder when 8284 is divided by 3781?
722
Calculate the remainder when 153099 is divided by 243.
9
Calculate the remainder when 7909 is divided by 330.
319
What is the remainder when 783826 is divided by 28?
22
Calculate the remainder when 65771 is divided by 18.
17
Calculate the remainder when 9762 is divided by 3226.
84
Calculate the remainder when 1844 is divided by 1750.
94
Calculate the remainder when 16428 is divided by 79.
75
Calculate the remainder when 1551 is divided by 326.
247
Calculate the remainder when 41284 is divided by 5.
4
Calculate the remainder when 15711 is divided by 286.
267
What is the remainder when 1403 is divided by 701?
1
Calculate the remainder when 12737 is divided by 61.
49
What is the remainder when 10556 is divided by 200?
156
Calculate the remainder when 2722533 is divided by 72.
69
Calculate the remainder when 5348 is divided by 206.
198
What is the remainder when 290820 is divided by 128?
4
What is the remainder when 98410 is divided by 2982?
4
Calculate the remainder when 1632 is divided by 266.
36
Calculate the remainder when 24 is divided by 20.
4
What is the remainder when 26253 is divided by 106?
71
What is the remainder when 13307 is divided by 74?
61
What is the remainder when 10820 is divided by 1187?
137
What is the remainder when 93466 is divided by 18691?
11
What is the remainder when 35764 is divided by 11916?
16
What is the remainder when 4098 is divided by 52?
42
What is the remainder when 3953 is divided by 101?
14
What is the remainder when 1031127 is divided by 18?
15
Calculate the remainder when 362299 is divided by 20.
19
Calculate the remainder when 169944 is divided by 169931.
13
Calculate the remainder when 1518 is divided by 22.
0
What is the remainder when 1930571 is divided by 46?
43
What is the remainder when 30022 is divided by 77?
69
What is the remainder when 15303 is divided by 15285?
18
What is the remainder when 3438 is divided by 499?
444
What is the remainder when 347813 is divided by 9?
8
Calculate the remainder when 591 is divided by 22.
19
What is the remainder when 20607 is divided by 2938?
41
Calculate the remainder when 188001 is divided by 62.
17
What is the remainder when 7286 is divided by 167?
105
Calculate the remainder when 33551 is divided by 799.
792
Calculate the remainder when 8466 is divided by 46.
2
Calculate the remainder when 8381 is divided by 488.
85
Calcula